{"id":28,"date":"2024-02-11T15:00:34","date_gmt":"2024-02-11T14:00:34","guid":{"rendered":"http:\/\/orse.cg\/web\/?page_id=28"},"modified":"2024-02-11T16:04:36","modified_gmt":"2024-02-11T15:04:36","slug":"missions","status":"publish","type":"page","link":"http:\/\/orse.cg\/web\/missions\/","title":{"rendered":"Missions"},"content":{"rendered":"\n<p>L\u2019organe de r\u00e9gulation du secteur de l\u2019eau a pour objet d\u2019assurer la r\u00e9gulation, le contr\u00f4le&nbsp; et le suivi des activit\u00e9s des exploitants et des op\u00e9rateurs du secteur de l\u2019eau.<\/p>\n\n\n\n<p>A ce titre, il est charg\u00e9, notamment, de&nbsp;:<\/p>\n\n\n\n<ul class=\"wp-block-list\">\n<li>Participer \u00e0 la promotion du d\u00e9veloppement rationnel de l\u2019offre de l\u2019eau&nbsp;;<\/li>\n\n\n\n<li>veiller \u00e0 l\u2019\u00e9quilibre \u00e9conomique et financier du secteur de l\u2019eau et \u00e0 la pr\u00e9servation des conditions \u00e9conomiques n\u00e9cessaires \u00e0 sa viabilit\u00e9&nbsp;;<\/li>\n\n\n\n<li>veiller aux int\u00e9r\u00eats des consommateurs et assurer la protection de leurs droits pour ce qui et du prix, de la fourniture et de la qualit\u00e9 de l\u2019eau&nbsp;;<\/li>\n\n\n\n<li>promouvoir la concurrence et la participation du secteur priv\u00e9 en mati\u00e8re de production, de transport, de distribution, d\u2019importation, d\u2019exportation et de vente de l\u2019eau potable dans des conditions objectives, transparentes et non discriminatoires&nbsp;;<\/li>\n\n\n\n<li>examiner et v\u00e9rifier la conformit\u00e9 des contrats de d\u00e9l\u00e9gation, ainsi que les demandes de licences et d\u2019autorisations, faire des recommandations et donner des avis \u00e0 l\u2019autorit\u00e9 comp\u00e9tente pour leur octroi&nbsp;;<\/li>\n\n\n\n<li>\u00e9tudier, fixer, mettre en \u0153uvre, suivre et contr\u00f4ler&nbsp; le syst\u00e8me tarifaire \u00e9tabli dans le respect des m\u00e9thodes et des proc\u00e9dures fix\u00e9es par l\u2019administration charg\u00e9e de l\u2019eau&nbsp;;<\/li>\n\n\n\n<li>veiller au respect de la l\u00e9gislation et de la r\u00e9glementation relatives \u00e0 la protection de l\u2019environnement&nbsp;;<\/li>\n\n\n\n<li>veiller au respect par les op\u00e9rateurs du secteur, des conditions d\u2019ex\u00e9cution des contrats de d\u00e9l\u00e9gation du service public de l\u2019eau et des autorisations&nbsp;;<\/li>\n\n\n\n<li>veiller \u00e0 l\u2019acc\u00e8s des tiers aux r\u00e9seaux de transport d\u2019eau, dans la limite des capacit\u00e9s disponibles&nbsp;;<\/li>\n\n\n\n<li>suivre l\u2019application des standards et des normes par les op\u00e9rateurs du secteur de l\u2019eau&nbsp;;<\/li>\n\n\n\n<li>prononcer les sanctions pr\u00e9vues par la loi et veiller \u00e0 leur application&nbsp;;<\/li>\n\n\n\n<li>contribuer \u00e0 l\u2019exercice de toute mission d\u2019int\u00e9r\u00eat public que pourrait lui confier le gouvernement pour le compte de l\u2019Etat dans le secteur de l\u2019eau&nbsp;;<\/li>\n\n\n\n<li>arbitrer les diff\u00e9rends entre les op\u00e9rateurs du secteur de l\u2019eau sur saisine des parties&nbsp;;<\/li>\n\n\n\n<li>participer, de concert avec les professionnels de l\u2019eau, \u00e0 l\u2019\u00e9laboration des standards et normes applicables aux activit\u00e9s et aux entreprises du secteur et les soumettre \u00e0 l\u2019homologation des administrations comp\u00e9tentes&nbsp;;<\/li>\n\n\n\n<li>veiller au principe d\u2019\u00e9galit\u00e9 de traitement des usagers par tout exploitant ou op\u00e9rateur du secteur de l\u2019eau.<\/li>\n<\/ul>\n","protected":false},"excerpt":{"rendered":"<p>L\u2019organe de r\u00e9gulation du secteur de l\u2019eau a pour objet d\u2019assurer la r\u00e9gulation, le contr\u00f4le&nbsp; et le suivi des activit\u00e9s des exploitants et des op\u00e9rateurs du secteur de l\u2019eau. A ce titre, il est charg\u00e9, notamment, de&nbsp;:<\/p>\n","protected":false},"author":1,"featured_media":0,"parent":0,"menu_order":0,"comment_status":"closed","ping_status":"closed","template":"","meta":{"footnotes":""},"class_list":["post-28","page","type-page","status-publish","hentry"],"_links":{"self":[{"href":"http:\/\/orse.cg\/web\/wp-json\/wp\/v2\/pages\/28","targetHints":{"allow":["GET"]}}],"collection":[{"href":"http:\/\/orse.cg\/web\/wp-json\/wp\/v2\/pages"}],"about":[{"href":"http:\/\/orse.cg\/web\/wp-json\/wp\/v2\/types\/page"}],"author":[{"embeddable":true,"href":"http:\/\/orse.cg\/web\/wp-json\/wp\/v2\/users\/1"}],"replies":[{"embeddable":true,"href":"http:\/\/orse.cg\/web\/wp-json\/wp\/v2\/comments?post=28"}],"version-history":[{"count":2,"href":"http:\/\/orse.cg\/web\/wp-json\/wp\/v2\/pages\/28\/revisions"}],"predecessor-version":[{"id":53,"href":"http:\/\/orse.cg\/web\/wp-json\/wp\/v2\/pages\/28\/revisions\/53"}],"wp:attachment":[{"href":"http:\/\/orse.cg\/web\/wp-json\/wp\/v2\/media?parent=28"}],"curies":[{"name":"wp","href":"https:\/\/api.w.org\/{rel}","templated":true}]}}